st common divisor of 147 and 5079.
3
What is the greatest common factor of 1845110 and 70?
10
What is the highest common factor of 486423 and 81?
9
Calculate the highest common factor of 174 and 5684.
58
What is the highest common factor of 20 and 19220?
20
Calculate the greatest common factor of 513 and 85500.
171
Calculate the highest common divisor of 110 and 835.
5
What is the highest common divisor of 3861 and 14014?
143
Calculate the greatest common factor of 164 and 596.
4
Calculate the greatest common factor of 4844 and 5012.
28
Calculate the highest common divisor of 43094 and 754.
58
What is the greatest common factor of 13221 and 6552?
117
What is the highest common factor of 274272 and 42?
6
What is the highest common factor of 17427 and 160140?
471
Calculate the greatest common divisor of 2810 and 3050.
10
What is the highest common divisor of 51339 and 654?
327
What is the greatest common divisor of 57 and 13245?
3
What is the greatest common divisor of 3055 and 4888?
611
What is the greatest common factor of 72 and 3968?
8
Calculate the greatest common factor of 43 and 24682.
43
Calculate the greatest common factor of 6307 and 24633.
119
What is the highest common divisor of 30228 and 187?
11
What is the highest common divisor of 16153 and 1537?
29
Calculate the highest common divisor of 20 and 80455.
5
What is the greatest common divisor of 4752 and 964?
4
What is the greatest common divisor of 530756 and 4?
4
What is the greatest common divisor of 45498 and 6?
6
What is the greatest common divisor of 603 and 9?
9
What is the highest common factor of 2629 and 80543?
239
Calculate the greatest common factor of 17176 and 9576.
152
What is the greatest common divisor of 324 and 12924?
36
Calculate the greatest common factor of 2836538 and 172.
86
What is the greatest common factor of 8927 and 46669?
113
What is the greatest common factor of 24104 and 368?
184
What is the greatest common divisor of 22553 and 414263?
1187
What is the highest common factor of 2959089 and 21?
21
Calculate the greatest common divisor of 270 and 578826.
54
Calculate the greatest common factor of 54 and 290574.
54
What is the highest common divisor of 811304 and 728?
104
Calculate the highest common divisor of 1449 and 3087.
63
What is the greatest common divisor of 42 and 398433?
21
Calculate the highest common factor of 176 and 4992.
16
Calculate the highest common divisor of 208 and 803036.
52
Calculate the highest common divisor of 1598 and 4726.
34
Calculate the highest common factor of 23359 and 284.
71
Calculate the greatest common divisor of 22918 and 14.
14
What is the highest common divisor of 26 and 512?
2
Calculate the greatest common factor of 561 and 135762.
561
Calculate the greatest common factor of 10055 and 615.
5
What is the greatest common factor of 3959 and 2675?
107
Calculate the highest common divisor of 6360 and 11289.
159
Calculate the highest common factor of 1970 and 20.
10
Calculate the greatest common factor of 6655015 and 1285.
1285
What is the highest common factor of 4599 and 4307?
73
What is the highest common divisor of 100719 and 722?
361
Calculate the highest common factor of 131555 and 1245.
415
Calculate the highest common factor of 58 and 37439.
29
What is the highest common divisor of 153144 and 5400?
216
Calculate the greatest common factor of 427 and 20489.
7
Calculate the greatest common divisor of 26736 and 21.
3
What is the greatest common divisor of 442 and 599131?
221
Calculate the greatest common factor of 2979 and 27.
9
Calculate the greatest common factor of 44785 and 4240.
265
Calculate the highest common divisor of 131183 and 26.
13
What is the highest common factor of 852 and 159963?
213
Calculate the highest common divisor of 4017 and 33.
3
Calculate the greatest common divisor of 262616 and 136.
136
Calculate the greatest common factor of 61 and 7991.
61
Calculate the highest common divisor of 95472 and 507.
39
Calculate the greatest common factor of 133 and 21869.
19
What is the highest common divisor of 26 and 192296?
26
Calculate the greatest common factor of 231 and 2595978.
231
What is the greatest common divisor of 75526 and 66?
22
Calculate the greatest common divisor of 7 and 305.
1
Calculate the highest common factor of 13184 and 257500.
412
Calculate the highest common divisor of 791922 and 534.
534
Calculate the greatest common divisor of 598800 and 8.
8
What is the highest common factor of 49 and 553987?
7
What is the highest common factor of 194788 and 304?
76
What is the highest common factor of 234 and 140751?
117
What is the greatest common factor of 107 and 166171?
107
What is the greatest common divisor of 2322 and 7398?
54
What is the greatest common factor of 59 and 612656?
59
Calculate the greatest common factor of 227092 and 6.
2
Calculate the highest common factor of 1298 and 506.
22
What is the greatest common factor of 138838 and 235?
47
What is the highest common factor of 8436 and 23484?
228
Calculate the greatest common divisor of 2981654 and 26.
26
What is the greatest common factor of 30016 and 72?
8
What is the greatest common factor of 92 and 612421?
23
What is the greatest common factor of 205687 and 355?
71
What is the greatest common factor of 317496 and 72?
24
What is the greatest common divisor of 552 and 483897?
69
What is the greatest common factor of 4509 and 297?
27
What is the greatest common divisor of 1211430 and 330?
330
Calculate the greatest common divisor of 11648 and 312.
104
What is the highest common factor of 2754 and 10404?
306
What is the highest common divisor of 309534 and 276?
138
Calculate the greatest common divisor of 1392 and 404376.
696
What is the highest common divisor of 4427 and 874?
19
Calculate the greatest common factor of 1584 and 28656.
144
Calculate the highest common divisor of 3964412 and 332.
332
Calculate the highest common divisor of 60 and 8150.
10
What is the greatest common factor of 262 and 900101?
131
What is the highest common factor of 22220 and 2860?
220
What is the greatest common divisor of 9932 and 44?
4
What is the highest common divisor of 549 and 72529?
61
What is the highest common divisor of 1045 and 16225?
55
Calculate the greatest common factor of 125 and 5875.
125
Calculate the greatest common factor of 1092 and 3942.
6
Calculate the greatest common factor of 90706 and 6118.
266
Calculate the highest common divisor of 85794 and 553.
79
What is the greatest common factor of 110864 and 1148?
164
Calculate the highest common factor of 7330 and 70.
10
Calculate the greatest common factor of 12694 and 2.
2
Calculate the highest common divisor of 4245 and 3795.
15
What is the greatest common factor of 372 and 7936?
124
What is the highest common factor of 8051 and 1992?
83
What is the highest common divisor of 75 and 189105?
15
What is the highest common divisor of 1651908 and 24?
12
Calculate the highest common factor of 290559 and 368.
23
What is the greatest common factor of 124107 and 82?
41
What is the greatest common factor of 16 and 189900?
4
What is the highest common factor of 236 and 839?
1
What is the greatest common divisor of 3024290 and 30?
10
Calculate the highest common divisor of 83183 and 579.
193
What is the greatest common factor of 460 and 4010740?
460
What is the greatest common factor of 535654 and 14?
14
What is the greatest common divisor of 234215 and 35?
5
What is the highest common factor of 25136 and 208?
16
Calculate the greatest common divisor of 2147 and 171.
19
What is the greatest common factor of 42456 and 244?
244
What is the highest common divisor of 338 and 1867450?
338
Calculate the highest common factor of 1609568 and 843.
281
Calculate the highest common divisor of 53892 and 594.
54
Calculate the greatest common factor of 121 and 13464.
11
What is the greatest common divisor of 187 and 44523?
17
What is the highest common factor of 375 and 170175?
75
What is the highest common divisor of 2067 and 7761?
39
What is the highest common divisor of 80 and 43088?
16
What is the greatest common factor of 43362 and 54?
54
What is the greatest common factor of 2335268 and 52?
52
What is the greatest common factor of 912392 and 3720?
248
Calculate the highest common factor of 2